{"id":7878,"date":"2021-11-06T17:56:08","date_gmt":"2021-11-06T16:56:08","guid":{"rendered":"https:\/\/www.revue-recherches.fr\/?page_id=7878"},"modified":"2025-12-22T12:31:03","modified_gmt":"2025-12-22T11:31:03","slug":"appel-a-contribution","status":"publish","type":"page","link":"https:\/\/www.revue-recherches.fr\/?page_id=7878","title":{"rendered":"Appel \u00e0 contribution"},"content":{"rendered":"<p>L\u2019un des enjeux importants de la revue <em>Recherches<\/em>, depuis sa naissance en 1984, est de constituer un lieu d\u2019\u00e9criture professionnelle pour les enseignants de fran\u00e7ais, qui peuvent y pr\u00e9senter et discuter leurs pratiques.<\/p>\n<p>Aussi, ind\u00e9pendamment des membres de la revue, tout enseignant de fran\u00e7ais, exer\u00e7ant de l\u2019\u00e9cole au lyc\u00e9e et dans n\u2019importe quelle fili\u00e8re d\u2019enseignement, peut pr\u00e9senter des projets d\u2019articles en lien avec les th\u00e8mes envisag\u00e9s dans les num\u00e9ros \u00e0 paraitre.<\/p>\n<p>Il s\u2019agit d\u2019une revue de didactique du fran\u00e7ais langue premi\u00e8re. Elle peut accueillir des articles de fran\u00e7ais langue \u00e9trang\u00e8re, mais \u00e0 condition que la question soit pertinente aussi pour des enseignants de fran\u00e7ais langue premi\u00e8re.<\/p>\n<p><em>Recherches<\/em> n\u2019a pas d\u2019apriori sur le contenu des articles, mais sa ligne \u00e9ditoriale repose sur un principe absolu\u00a0: le comit\u00e9 de r\u00e9daction n&rsquo;accepte aucune contribution qui discr\u00e9dite les \u00e9l\u00e8ves ou les enseignants engag\u00e9s dans les situations d\u2019enseignement analys\u00e9es.<\/p>\n<p>Concr\u00e8tement, pour soumettre un projet d\u2019article \u00e0 la revue, il suffit d\u2019envoyer <a href=\"mailto:revue.recherches@laposte.net\" target=\"_blank\" rel=\"noopener\">un courriel<\/a> et de joindre un texte (d\u2019une page au maximum) qui pr\u00e9cise le contenu envisag\u00e9 en indiquant le num\u00e9ro pour lequel l\u2019article est pr\u00e9vu.<\/p>\n<p><strong>Pour le n\u00b086\u00a0 <em>\u00c9crire encore <\/em>(juin 2027), proposition \u00e0 envoyer pour le 01\/06\/2026.<br \/>\nPour le n\u00b087\u00a0 <em>Po\u00e9sie <\/em>(d\u00e9cembre 2027), proposition \u00e0 envoyer pour le 01\/12\/2026.<br \/>\n<\/strong><\/p>\n<p>&nbsp;<\/p>\n","protected":false},"excerpt":{"rendered":"<p>L\u2019un des enjeux importants de la revue Recherches, depuis sa naissance en 1984, est de constituer un lieu d\u2019\u00e9criture professionnelle pour les enseignants de fran\u00e7ais, qui peuvent y pr\u00e9senter et discuter leurs pratiques. Aussi, ind\u00e9pendamment des membres de la revue, tout enseignant de fran\u00e7ais, exer\u00e7ant de l\u2019\u00e9cole au lyc\u00e9e et dans n\u2019importe quelle fili\u00e8re d\u2019enseignement, &hellip; <a href=\"https:\/\/www.revue-recherches.fr\/?page_id=7878\" class=\"more-link\">Continuer la lecture de <span class=\"screen-reader-text\">Appel \u00e0 contribution<\/span> <span class=\"meta-nav\">&rarr;<\/span><\/a><\/p>\n","protected":false},"author":3,"featured_media":0,"parent":0,"menu_order":0,"comment_status":"closed","ping_status":"closed","template":"","meta":[],"_links":{"self":[{"href":"https:\/\/www.revue-recherches.fr\/index.php?rest_route=\/wp\/v2\/pages\/7878"}],"collection":[{"href":"https:\/\/www.revue-recherches.fr\/index.php?rest_route=\/wp\/v2\/pages"}],"about":[{"href":"https:\/\/www.revue-recherches.fr\/index.php?rest_route=\/wp\/v2\/types\/page"}],"author":[{"embeddable":true,"href":"https:\/\/www.revue-recherches.fr\/index.php?rest_route=\/wp\/v2\/users\/3"}],"replies":[{"embeddable":true,"href":"https:\/\/www.revue-recherches.fr\/index.php?rest_route=%2Fwp%2Fv2%2Fcomments&post=7878"}],"version-history":[{"count":18,"href":"https:\/\/www.revue-recherches.fr\/index.php?rest_route=\/wp\/v2\/pages\/7878\/revisions"}],"predecessor-version":[{"id":9338,"href":"https:\/\/www.revue-recherches.fr\/index.php?rest_route=\/wp\/v2\/pages\/7878\/revisions\/9338"}],"wp:attachment":[{"href":"https:\/\/www.revue-recherches.fr\/index.php?rest_route=%2Fwp%2Fv2%2Fmedia&parent=7878"}],"curies":[{"name":"wp","href":"https:\/\/api.w.org\/{rel}","templated":true}]}}