{"id":7217,"date":"2020-12-08T16:55:11","date_gmt":"2020-12-08T15:55:11","guid":{"rendered":"http:\/\/www.revue-recherches.fr\/?page_id=7217"},"modified":"2026-03-11T16:33:57","modified_gmt":"2026-03-11T15:33:57","slug":"la-revue-2-2-2","status":"publish","type":"page","link":"https:\/\/www.revue-recherches.fr\/","title":{"rendered":"Qui sommes-nous ?"},"content":{"rendered":"\r\n<p>&nbsp;<\/p>\r\n<p>La revue <em>Recherches<\/em> est n\u00e9e dans l\u2019acad\u00e9mie de Lille en 1984. Elle est destin\u00e9e \u00e0 offrir aux enseignants de fran\u00e7ais un lieu d\u2019\u00e9criture professionnelle &#8211; o\u00f9 peuvent se r\u00e9fl\u00e9chir les pratiques d\u2019enseignement, se communiquer les innovations et se diffuser les recherches scientifiques qui int\u00e9ressent la didactique du fran\u00e7ais. Elle est class\u00e9e dans la cat\u00e9gorie \u00ab\u00a0Interface\u00a0\u00bb par le HC\u00c9RES (Haut conseil de l&rsquo;\u00e9valuation de la recherche et de l&rsquo;enseignement sup\u00e9rieur) ; cela signifie qu&rsquo;elle est reconnue comme interface entre le champ de la recherche et celui des pratiques professionnelles. Elle est diffus\u00e9e par les <a href=\"https:\/\/www.septentrion.com\/revues\/recherches\/\">Presses Universitaires du Septentrion<\/a>.<\/p>\r\n<p>Voir l\u2019<a href=\"https:\/\/www.revue-recherches.fr\/?page_id=7878\" target=\"_blank\" rel=\"noopener\">appel \u00e0 contribution<\/a> pour les num\u00e9ros 86 et 87.<\/p>\r\n\r\n\r\n\r\n<p><strong>Les archives de la revue Recherches seront bient\u00f4t disponibles \u00e0 partir du portail Pers\u00e9e.<\/strong> <strong>Si vous avez \u00e9crit dans la revue et que vous ne souhaitez pas que votre article soit mis en ligne, contactez-nous \u00e0 <a href=\"mailto:revue.recherches@laposte.net\">revue.recherches@laposte.net<\/a>.<\/strong><\/p>\r\n<p><strong>Nouveau ! D\u00e9couvrez notre livret d\u00e9di\u00e9 au 1er degr\u00e9, \u00e0 retrouver dans le menu \u00ab\u00a0La revue Recherches \/ Ressources\u00a0\u00bb<\/strong><\/p>\r\n\r\n\r\n\r\n<h1>Vient de paraitre :\u00a0 <br \/>n\u00b0 83, <a href=\"https:\/\/www.revue-recherches.fr\/?p=9307\" target=\"_blank\" rel=\"noopener\"><em>\u00a0Adapter<\/em><\/a><\/h1>\r\n<p><img loading=\"lazy\" class=\"wp-image-9305 size-medium alignright\" src=\"https:\/\/www.revue-recherches.fr\/wp-content\/uploads\/2025\/12\/R83-couv-300x450.jpg\" alt=\"\" width=\"300\" height=\"450\" srcset=\"https:\/\/www.revue-recherches.fr\/wp-content\/uploads\/2025\/12\/R83-couv-300x450.jpg 300w, https:\/\/www.revue-recherches.fr\/wp-content\/uploads\/2025\/12\/R83-couv.jpg 667w\" sizes=\"(max-width: 300px) 100vw, 300px\" \/><\/p>\r\n\r\n\r\n\r\n<div class=\"wp-container-3 wp-block-columns\">\r\n<div class=\"wp-container-1 wp-block-column\">\r\n<p>&nbsp;<\/p>\r\n<p>Le num\u00e9ro se penche sur les adaptations multiformes et incontournables en cours de fran\u00e7ais. Comment adapter supports, ressources et dispositifs aux apprentissages en jeu, tout en s\u2019adaptant \u00e0 la diversit\u00e9 des publics et aux injonctions institutionnelles\u00a0? Le num\u00e9ro pr\u00e9sente et analyse des d\u00e9marches (de la maternelle \u00e0 l\u2019enseignement sup\u00e9rieur en passant par l\u2019enseignement sp\u00e9cialis\u00e9) qui concilient ces imp\u00e9ratifs \u00e0 l\u2019heure de la p\u00e9dagogie universelle.<\/p>\r\n<p>&nbsp;<\/p>\r\n<p class=\"has-text-align-left\"><br \/><a href=\"https:\/\/www.revue-recherches.fr\/?p=9307\" target=\"_blank\" rel=\"noopener\">Consulter le sommaire et l&rsquo;\u00e9ditorial.<\/a><\/p>\r\n<\/div>\r\n\r\n\r\n\r\n<div class=\"wp-container-2 wp-block-column\"> <br \/><\/div>\r\n<\/div>\r\n\r\n\r\n\r\n<p><a href=\"mailto:revue.recherches@laposte.net\" target=\"_blank\" rel=\"noreferrer noopener\">Pour nous \u00e9crire : revue.recherches@laposte.net<\/a><\/p>\r\n\r\n\r\n\r\n<p class=\"has-small-font-size\"><a href=\"https:\/\/www.revue-recherches.fr\/?page_id=6446\" target=\"_blank\" rel=\"noreferrer noopener\">Mentions l\u00e9gales<\/a><\/p>\r\n","protected":false},"excerpt":{"rendered":"<p>&nbsp; La revue Recherches est n\u00e9e dans l\u2019acad\u00e9mie de Lille en 1984. Elle est destin\u00e9e \u00e0 offrir aux enseignants de fran\u00e7ais un lieu d\u2019\u00e9criture professionnelle &#8211; o\u00f9 peuvent se r\u00e9fl\u00e9chir les pratiques d\u2019enseignement, se communiquer les innovations et se diffuser les recherches scientifiques qui int\u00e9ressent la didactique du fran\u00e7ais. Elle est class\u00e9e dans la cat\u00e9gorie &hellip; <a href=\"https:\/\/www.revue-recherches.fr\/\" class=\"more-link\">Continuer la lecture de <span class=\"screen-reader-text\">Qui sommes-nous ?<\/span> <span class=\"meta-nav\">&rarr;<\/span><\/a><\/p>\n","protected":false},"author":3,"featured_media":0,"parent":0,"menu_order":0,"comment_status":"closed","ping_status":"closed","template":"","meta":[],"_links":{"self":[{"href":"https:\/\/www.revue-recherches.fr\/index.php?rest_route=\/wp\/v2\/pages\/7217"}],"collection":[{"href":"https:\/\/www.revue-recherches.fr\/index.php?rest_route=\/wp\/v2\/pages"}],"about":[{"href":"https:\/\/www.revue-recherches.fr\/index.php?rest_route=\/wp\/v2\/types\/page"}],"author":[{"embeddable":true,"href":"https:\/\/www.revue-recherches.fr\/index.php?rest_route=\/wp\/v2\/users\/3"}],"replies":[{"embeddable":true,"href":"https:\/\/www.revue-recherches.fr\/index.php?rest_route=%2Fwp%2Fv2%2Fcomments&post=7217"}],"version-history":[{"count":64,"href":"https:\/\/www.revue-recherches.fr\/index.php?rest_route=\/wp\/v2\/pages\/7217\/revisions"}],"predecessor-version":[{"id":9407,"href":"https:\/\/www.revue-recherches.fr\/index.php?rest_route=\/wp\/v2\/pages\/7217\/revisions\/9407"}],"wp:attachment":[{"href":"https:\/\/www.revue-recherches.fr\/index.php?rest_route=%2Fwp%2Fv2%2Fmedia&parent=7217"}],"curies":[{"name":"wp","href":"https:\/\/api.w.org\/{rel}","templated":true}]}}

<p>&nbsp;</p>
<p>La revue <em>Recherches</em> est née dans l’académie de Lille en 1984. Elle est destinée à offrir aux enseignants de français un lieu d’écriture professionnelle &#8211; où peuvent se réfléchir les pratiques d’enseignement, se communiquer les innovations et se diffuser les recherches scientifiques qui intéressent la didactique du français. Elle est classée dans la catégorie « Interface » par le HCÉRES (Haut conseil de l&rsquo;évaluation de la recherche et de l&rsquo;enseignement supérieur) ; cela signifie qu&rsquo;elle est reconnue comme interface entre le champ de la recherche et celui des pratiques professionnelles. Elle est diffusée par les <a href="https://www.septentrion.com/revues/recherches/">Presses Universitaires du Septentrion</a>.</p>
<p>Voir l’<a href="https://www.revue-recherches.fr/?page_id=7878" target="_blank" rel="noopener">appel à contribution</a> pour les numéros 86 et 87.</p>



<p><strong>Les archives de la revue Recherches seront bientôt disponibles à partir du portail Persée.</strong> <strong>Si vous avez écrit dans la revue et que vous ne souhaitez pas que votre article soit mis en ligne, contactez-nous à <a href="mailto:revue.recherches@laposte.net">revue.recherches@laposte.net</a>.</strong></p>
<p><strong>Nouveau ! Découvrez notre livret dédié au 1er degré, à retrouver dans le menu « La revue Recherches / Ressources »</strong></p>



<h1>Vient de paraitre :  <br />n° 83, <a href="https://www.revue-recherches.fr/?p=9307" target="_blank" rel="noopener"><em> Adapter</em></a></h1>
<p><img loading="lazy" class="wp-image-9305 size-medium alignright" src="https://www.revue-recherches.fr/wp-content/uploads/2025/12/R83-couv-300x450.jpg" alt="" width="300" height="450" srcset="https://www.revue-recherches.fr/wp-content/uploads/2025/12/R83-couv-300x450.jpg 300w, https://www.revue-recherches.fr/wp-content/uploads/2025/12/R83-couv.jpg 667w" sizes="(max-width: 300px) 100vw, 300px" /></p>



<div class="wp-container-3 wp-block-columns">
<div class="wp-container-1 wp-block-column">
<p>&nbsp;</p>
<p>Le numéro se penche sur les adaptations multiformes et incontournables en cours de français. Comment adapter supports, ressources et dispositifs aux apprentissages en jeu, tout en s’adaptant à la diversité des publics et aux injonctions institutionnelles ? Le numéro présente et analyse des démarches (de la maternelle à l’enseignement supérieur en passant par l’enseignement spécialisé) qui concilient ces impératifs à l’heure de la pédagogie universelle.</p>
<p>&nbsp;</p>
<p class="has-text-align-left"><br /><a href="https://www.revue-recherches.fr/?p=9307" target="_blank" rel="noopener">Consulter le sommaire et l&rsquo;éditorial.</a></p>
</div>



<div class="wp-container-2 wp-block-column"> <br /></div>
</div>



<p><a href="mailto:revue.recherches@laposte.net" target="_blank" rel="noreferrer noopener">Pour nous écrire : revue.recherches@laposte.net</a></p>



<p class="has-small-font-size"><a href="https://www.revue-recherches.fr/?page_id=6446" target="_blank" rel="noreferrer noopener">Mentions légales</a></p>

<p>&nbsp; La revue Recherches est née dans l’académie de Lille en 1984. Elle est destinée à offrir aux enseignants de français un lieu d’écriture professionnelle &#8211; où peuvent se réfléchir les pratiques d’enseignement, se communiquer les innovations et se diffuser les recherches scientifiques qui intéressent la didactique du français. Elle est classée dans la catégorie &hellip; <a href="https://www.revue-recherches.fr/" class="more-link">Continuer la lecture de <span class="screen-reader-text">Qui sommes-nous ?</span> <span class="meta-nav">&rarr;</span></a></p>
